der when 2391645 is divided by 2361?
2313
Calculate the remainder when 10712706 is divided by 317.
8
What is the remainder when 7048133 is divided by 417?
416
What is the remainder when 180845837 is divided by 7123?
7113
Calculate the remainder when 2182834 is divided by 2550.
34
Calculate the remainder when 35524773 is divided by 1184.
37
Calculate the remainder when 31706108 is divided by 19.
10
What is the remainder when 2305258 is divided by 576309?
22
What is the remainder when 395266 is divided by 3351?
3199
Calculate the remainder when 24803381 is divided by 326.
323
What is the remainder when 72342171 is divided by 1205?
1201
What is the remainder when 125518 is divided by 1167?
649
Calculate the remainder when 82769172 is divided by 544534.
4
Calculate the remainder when 3723802 is divided by 229.
33
What is the remainder when 1548299 is divided by 37?
34
Calculate the remainder when 2749720 is divided by 28058.
36
Calculate the remainder when 79957717 is divided by 122.
15
What is the remainder when 147613 is divided by 4122?
3343
Calculate the remainder when 5206243 is divided by 617.
614
What is the remainder when 1482175 is divided by 121?
46
What is the remainder when 29106 is divided by 4192?
3954
What is the remainder when 17699615 is divided by 242?
219
What is the remainder when 1711933 is divided by 9106?
5
Calculate the remainder when 44415509 is divided by 5.
4
Calculate the remainder when 5819773 is divided by 1295.
43
What is the remainder when 60908 is divided by 60174?
734
What is the remainder when 4861396 is divided by 40?
36
Calculate the remainder when 1658030 is divided by 1030.
760
Calculate the remainder when 4685131 is divided by 19.
16
What is the remainder when 4815235 is divided by 146?
9
What is the remainder when 214290 is divided by 214154?
136
Calculate the remainder when 51111109 is divided by 17037026.
31
What is the remainder when 2171624 is divided by 107?
59
Calculate the remainder when 167376 is divided by 1412.
760
What is the remainder when 4048092 is divided by 303?
12
Calculate the remainder when 405204028 is divided by 63.
61
What is the remainder when 4816588 is divided by 344037?
70
What is the remainder when 1697234 is divided by 378?
14
What is the remainder when 170309 is divided by 85134?
41
Calculate the remainder when 196177 is divided by 48157.
3549
What is the remainder when 1343934 is divided by 46340?
74
Calculate the remainder when 1267293 is divided by 1267285.
8
Calculate the remainder when 467541 is divided by 716.
709
Calculate the remainder when 1101362 is divided by 220244.
142
Calculate the remainder when 672648910 is divided by 18.
16
Calculate the remainder when 592599 is divided by 591756.
843
What is the remainder when 3644935 is divided by 269?
254
What is the remainder when 22300800 is divided by 1231?
4
What is the remainder when 6511989 is divided by 45?
39
Calculate the remainder when 20635 is divided by 2799.
1042
What is the remainder when 153298 is divided by 670?
538
What is the remainder when 63959 is divided by 1022?
595
What is the remainder when 17403399 is divided by 185142?
51
What is the remainder when 59588 is divided by 745?
733
Calculate the remainder when 710408 is divided by 352919.
4570
What is the remainder when 4155470 is divided by 346283?
74
Calculate the remainder when 668366 is divided by 1033.
15
Calculate the remainder when 2032686 is divided by 78180.
6
What is the remainder when 1469602471 is divided by 13?
12
Calculate the remainder when 278159 is divided by 138958.
243
Calculate the remainder when 2309867 is divided by 209927.
670
Calculate the remainder when 2044014 is divided by 15723.
24
What is the remainder when 2777939 is divided by 4908?
11
What is the remainder when 194058 is divided by 21?
18
What is the remainder when 890348 is divided by 213?
8
What is the remainder when 1166700 is divided by 3504?
3372
Calculate the remainder when 2083 is divided by 675.
58
Calculate the remainder when 34700 is divided by 2844.
572
What is the remainder when 4368061 is divided by 57?
37
What is the remainder when 896579 is divided by 81489?
200
Calculate the remainder when 38129832 is divided by 103896.
0
What is the remainder when 8316964 is divided by 2148?
2056
What is the remainder when 35578 is divided by 759?
664
Calculate the remainder when 37958 is divided by 134.
36
What is the remainder when 18461556 is divided by 2731?
2727
Calculate the remainder when 46674 is divided by 867.
723
What is the remainder when 38613 is divided by 878?
859
Calculate the remainder when 43978189 is divided by 323369.
5
What is the remainder when 868907 is divided by 289634?
5
What is the remainder when 175845 is divided by 474?
465
Calculate the remainder when 51906 is divided by 326.
72
Calculate the remainder when 285004 is divided by 2299.
2227
What is the remainder when 110299 is divided by 103355?
6944
What is the remainder when 1530281 is divided by 306050?
31
What is the remainder when 39682 is divided by 1796?
170
What is the remainder when 749473 is divided by 83258?
151
Calculate the remainder when 56510 is divided by 25213.
6084
Calculate the remainder when 2366427 is divided by 583.
30
What is the remainder when 202691 is divided by 64395?
9506
Calculate the remainder when 2276749 is divided by 2031.
2029
What is the remainder when 440556 is divided by 2998?
2848
What is the remainder when 2967282 is divided by 1685?
1682
Calculate the remainder when 77912326 is divided by 24.
22
Calculate the remainder when 2280217 is divided by 456033.
52
What is the remainder when 396813 is divided by 3511?
70
Calculate the remainder when 156205 is divided by 6005.
75
Calculate the remainder when 859566 is divided by 2274.
2268
What is the remainder when 40451 is divided by 3788?
2571
What is the remainder when 7331 is divided by 3134?
1063
Calculate the remainder when 145147730 is divided by 2431.
13
What is the remainder when 285612 is divided by 156?
132
What is the remainder when 82732749 is divided by 432?
429
Calculate the remainder when 3592209 is divided by 4708.
5
What is the remainder when 5781535 is divided by 1156303?
20
What is the remainder when 1437833 is divided by 53224?
785
Calculate the remainder when 2783527 is divided by 8893.
18
What is the remainder when 194537 is divided by 217?
105
Calculate the remainder when 2407710 is divided by 1203837.
36
Calculate the remainder when 9979956 is divided by 2557.
2542
What is the remainder when 81398 is divided by 40695?
8
Calculate the remainder when 37425 is divided by 8778.
2313
Calculate the remainder when 13440258 is divided by 280005.
18
What is the remainder when 64204193 is divided by 2393?
3
Calculate the remainder when 153568 is divided by 364.
324
What is the remainder when 12556639 is divided by 32?
31
What is the remainder when 24921 is divided by 1724?
785
What is the remainder when 492832 is divided by 16992?
64
Calculate the remainder when 3027014 is divided by 50450.
14
Calculate the remainder when 128197 is divided by 91.
69
What is the remainder when 36327 is divided by 17151?
2025
Calculate the remainder when 208990 is divided by 592.
14
Calculate the remainder when 5581900 is divided by 536.
532
What is the remainder when 35365167 is divided by 685?
672
What is the remainder when 116048365 is divided by 1111?
1082
What is the remainder when 9952500 is divided by 765576?
12
What is the remainder when 26737335 is divided by 6684318?
63
Calculate the remainder when 644894 is divided by 516.
410
What is the remainder when 6858975 is divided by 9121?
9104
Calculate the remainder when 3135374 is divided by 111976.
46
Calculate the remainder when 139968829 is divided by 695.
694
What is the remainder when 28829613 is divided by 340?
333
Calculate the remainder when 28156143 is divided by 1435.
8
What is the remainder when 5815621 is divided by 546?
175
Calculate the remainder when 12041293 is divided by 15.
13
Calculate the remainder when 3235602 is divided by 49.
34
Calculate the remainder when 61498248 is divided by 1098183.
0
What is the remainder when 24829168 is divided by 1108?
1104
Calculate the remainder when 1339898 is divided by 12.
2
Calculate the remainder when 25